 j and m?
11
Let o be ((-8)/2)/(1/(-4)). Let x(s) = -s**2 - 12*s + 13. Let q be x(-9). What is the highest common factor of o and q?
8
Let q(i) = 9*i**3 + 2*i**2 - 1. Let n be q(1). Suppose -m - 2*j = -3*j + 9, 18 = -2*m - 5*j. Let k = m + 49. What is the greatest common factor of k and n?
10
Let x be (-2)/(-9) - 583/(-9). Let s = -5 + x. Let q = 80 + -56. Calculate the greatest common factor of q and s.
12
Suppose -24 = 3*q - k, -k - 3*k + 12 = 0. Suppose y = 0, 4*n - 3*y - 44 = -0*y. Let i = n + q. Calculate the greatest common factor of i and 28.
4
Let a = 50 + -45. What is the highest common divisor of a and 25?
5
Let w(n) = 2*n + 4. Let i be w(6). Let z = 266 + -481. Let m = z + 327. What is the highest common factor of i and m?
16
Let a = -3 - -8. Let k = a - -8. What is the greatest common factor of k and 91?
13
Let a = 5 - 3. Suppose -3*o = -0*z - a*z - 235, -5*o + z = -380. Suppose r + 0*d + d = 28, 4*r + 2*d - 116 = 0. What is the highest common factor of r and o?
15
Let p be -1*3/(-3) - (-179)/1. Calculate the highest common divisor of 20 and p.
20
Let b = -5 - -8. Suppose b*t + 36 - 96 = 0. Calculate the greatest common divisor of 10 and t.
10
Suppose -16*b - 40 = -20*b. What is the greatest common divisor of 15 and b?
5
Let f(d) = -9*d**3 - 2*d - 1. Let t be f(-1). Calculate the highest common factor of 70 and t.
10
Suppose 0 = -3*t - 9 - 54. Let u be (8/(-12))/(2/t). Let o = u + -2. What is the greatest common divisor of o and 1?
1
Suppose 3*g = 4*f + 61, -3*f + 93 - 18 = 3*g. Let b = 27 + g. Let i be 22 + -2 - -2 - 2. What is the greatest common divisor of i and b?
10
Let o(p) = p**2 + p. Let z be o(-2). Suppose 0 = -z*x - 2*x + 4. Let k = x - -9. Calculate the highest common divisor of 90 and k.
10
Suppose 11*r = -9*r + 3220. Calculate the greatest common factor of 23 and r.
23
Let z(n) = n**2 + n + 4. Let t be z(-4). Suppose -2*x + 0*x = -t. Let y(p) = 3*p**2 - 11*p - 5. Let r be y(x). Calculate the highest common divisor of 11 and r.
11
Suppose -i + 3 = 2*i. Let n(g) = 11*g - 1. Let w be n(i). Let l = 23 - 13. What is the highest common divisor of w and l?
10
Let b be (-14 - -18)/((-4)/(-10)). What is the highest common divisor of b and 40?
10
Let x(s) = s**2 + s + 65. Let o be x(0). Let n = o + -20. Let p(c) = -6*c - 3. Let k be p(-3). What is the highest common divisor of k and n?
15
Suppose -2*j = -5*m - 132, -j + 189 = 2*j - 3*m. Suppose j - 313 = -4*v. Calculate the highest common divisor of 7 and v.
7
Suppose -168 = -2*c - 4*c. What is the highest common divisor of c and 252?
28
Let v be (-5)/3*(4 - 1). Let d = -3 - v. Calculate the greatest common factor of d and 8.
2
Let m(u) = -u**3 + 4*u**2 - 2*u - 1. Let q be m(3). Suppose -q*f = 2*f + 8. Let n be (f - 1) + 0 + 63. Calculate the highest common divisor of 12 and n.
12
Let h = 110 + -11. Let s = -11 + 22. Calculate the greatest common divisor of s and h.
11
Suppose 3*s + 276 = 9*s. Suppose 0 = -5*g + 3*q - 0*q + 330, -3*g + 197 = -2*q. What is the highest common divisor of g and s?
23
Let i(l) = l + 12. Let c be i(-7). Suppose 1186 = -3*y - c*p - 2114, 0 = 3*p. Let b be y/(-8)*(0 + 2). What is the highest common divisor of 25 and b?
25
Let z = 68 + -30. Calculate the highest common factor of z and 19.
19
Suppose j - 33 = -2*j. Let b be (-1)/(-3) - 130/(-6). What is the highest common factor of b and j?
11
Suppose -2*y - 19 = 5*c, y - 5 + 17 = -3*c. Suppose 0 = -r - r - 3*l + 22, y*r - 22 = l. Calculate the highest common divisor of r and 16.
8
Let i be 315/14*(-3 - 33/(-9)). What is the highest common factor of 60 and i?
15
Let z = 1 - -1. Suppose -z*y = -y - 5. Calculate the greatest common factor of 35 and y.
5
Let z be 1/(-3) + 80/15. Suppose 3*l - 2*f - 14 = 2*f, z*f = 5*l - 20. Calculate the highest common factor of l and 14.
2
Suppose 0 = -5*a + 10*a - 10. Calculate the greatest common divisor of 20 and a.
2
Let y(g) = 41*g - 46. Let x be y(3). Calculate the highest common divisor of x and 14.
7
Let n(w) = -w - 7 + 0*w + 4. Let t be 1/(2/14*-1). Let u be n(t). What is the greatest common factor of 12 and u?
4
Suppose -2*l - 103 = 3*j - 267, 4*j - 168 = -2*l. Let k = 112 - l. What is the highest common factor of 90 and k?
18
Let k(m) = -m**3 + 8*m**2 + 8*m + 11. Let j be k(9). Let n(g) = 2 + 6*g**j + g - 4*g**2 + 3*g**2. Let c be n(-2). What is the highest common factor of c and 30?
10
Let l be (-4)/18 - (-174)/54. Suppose x = l*y + 23, -x - 4*y + 17 = 2*x. Let o be -3*(704/12)/(-4). Calculate the highest common divisor of x and o.
11
Let g = 20 - -196. What is the highest common divisor of 27 and g?
27
Let w(q) = -q**3 - q**2 + 3*q - 3. Let x be w(2). Let k = x + 23. Suppose n - 18 = k. Calculate the highest common factor of n and 48.
16
Let r = 7 + -2. Suppose 0 = -r*g - 2*b - 2*b + 116, -4*g = -b - 97. Calculate the highest common factor of g and 6.
6
Suppose -8*z + 45 = -675. Calculate the highest common divisor of 9 and z.
9
Suppose -2*m + 0*m = -484. What is the greatest common factor of 22 and m?
22
Suppose -1 = 3*m + 2. Let t be (m*3)/(1/(-13)). Suppose 45 + 15 = 4*z + 4*w, 4*z = -w + 54. Calculate the greatest common divisor of t and z.
13
Let z(g) = 7*g**2 + 2*g + 3. Let k be z(-3). Calculate the highest common divisor of 15 and k.
15
Suppose 0*n - n = -4. Suppose 3*s = -n*t + 13, 5*t - 2*s = 36 - 14. What is the highest common divisor of t and 1?
1
Let p be (-23)/(-3) + (-4)/6. Let y(n) = n**2 - 6*n - 3. Let w be y(p). Calculate the greatest common divisor of 12 and w.
4
Suppose -w - 17 = -127. What is the greatest common factor of 10 and w?
10
Let d(q) = -2*q + 24. Let s be d(11). Calculate the greatest common factor of s and 5.
1
Let d(g) = -g**2 - 6*g + 6. Let q = 6 + -11. Let x be d(q). Calculate the greatest common factor of 77 and x.
11
Let d = 124 - 115. What is the highest common divisor of 90 and d?
9
Let w be (-2)/3*(1 - 4). Calculate the greatest common factor of 4 and w.
2
Let v(b) = 14 - 15 + 0*b + b. Let d be v(7). Calculate the greatest common factor of 12 and d.
6
Suppose 2*i - 9 = 11. Suppose 2*b = -i, -5 + 60 = 3*r - 2*b. Calculate the highest common divisor of 120 and r.
15
Suppose 0 = 2*o + 8 - 10. What is the highest common factor of o and 7?
1
Let t = 6 + -6. Suppose -5*x - 19 = -4, -4*y - 4*x + 436 = t. Calculate the greatest common divisor of 14 and y.
14
Let b be (-2)/((-3)/((-243)/(-6))). Calculate the highest common divisor of 3 and b.
3
Let l be 8/((-8)/2*(-8)/16). Calculate the greatest common divisor of l and 20.
4
Let p(d) = 2*d**3 - 5*d**2 + 6*d + 9. Let z be p(4). Calculate the highest common factor of 54 and z.
27
Suppose -c = -2*j + 105 + 40, -5*j = 3*c - 390. What is the greatest common divisor of 25 and j?
25
Let b(t) = t**3 - 8*t**2 - 8*t + 12. Let l be b(9). Let i be 2 + -1 - (1 - l). Let q = i + -8. Calculate the highest common factor of q and 91.
13
Let x be (2/(-1))/((-12)/30). Let y = x - 3. What is the greatest common divisor of y and 1?
1
Let a be (6/(-4))/(7/(-14)). Let n = a - -11. Calculate the greatest common factor of 14 and n.
14
Suppose 4*w - 64 = -k, 0 = -w - 3*w + 5*k + 88. Suppose -3*t = -4*d + 309 + 436, -3*t = -3. Calculate the highest common divisor of d and w.
17
Suppose 3 + 17 = 4*k. Suppose -2*l = 2*o - 42, 5*o + 73 = k*l - 32. Let v(p) = p**2 + p + 1. Let z be v(-3). What is the highest common divisor of z and l?
7
Let w(t) = -t + 2. Let c be w(2). Suppose c = 2*g - 6*g. Suppose 101 = 4*u + 5*m, 3*u + m - 3*m - 70 = g. What is the highest common factor of 3 and u?
3
Suppose -2*n = 0, 4*w + 2*n - n - 384 = 0. What is the highest common divisor of w and 12?
12
Suppose -2*i + k = 29, -3*i - 5*k - 18 = 19. Let t be 4/i - 37/(-7). What is the greatest common factor of t and 15?
5
Suppose -18 = -3*v + 9. Let q = v - 5. Suppose f - q*t + 10 = 0, 3*f - 3 - 3 = 3*t. What is the greatest common divisor of 66 and f?
6
Suppose -30 = -4*r - r. Let p be 9/(-27) - 7/(-3). Suppose -36 = -p*k - 0*k. Calculate the highest common factor of r and k.
6
Let w(k) = -18*k + 12. Let o be w(-6). What is the greatest common factor of 40 and o?
40
Let l = -10 - -12. Suppose -u = -l*g + 143, 2*g - 3*u = u + 152. What is the highest common factor of g and 14?
14
Let o be ((-92)/10)/(12/(-30)). Let l(t) = 41*t + 7. 